{"id":65,"date":"2021-12-07T15:00:18","date_gmt":"2021-12-07T14:00:18","guid":{"rendered":"https:\/\/invest.superfund.com\/?page_id=65"},"modified":"2023-03-28T17:47:24","modified_gmt":"2023-03-28T16:47:24","slug":"disclaimer","status":"publish","type":"page","link":"https:\/\/invest.superfund.com\/?page_id=65","title":{"rendered":"Disclaimer"},"content":{"rendered":"\n<h2 class=\"wp-block-heading\">Disclaimer<\/h2>\n\n\n\n<p>Bei der Website und ihren Informationen handelt es sich um Marketingmitteilungen.<br><strong>Die dargestellten Informationen dienen ausschlie\u00dflich der unverbindlichen Information und stellen kein Angebot, kein Angebot zur Einladung zur Abgabe eines Angebots, keine Anlageberatung sowie keine Aufforderung zum Kauf, Halten oder Verkauf dar. Die Marketingmitteilungen ersetzt keinesfalls eine fachgerechte Beratung oder eine umfassende Risikoaufkl\u00e4rung.<\/strong><\/p>\n\n\n\n<p>Als Grundlage der Veranlagungsentscheidung sollten neben einem individuellen Beratungsgespr\u00e4ch die produktspezifischen Dokumente (Prospekt, Basisinformationsblatt (PRIIPS KID), Halbjahresbericht, Jahresbericht, etc.) herangezogen werden. Diese stehen auf der Website\u00a0<a href=\"http:\/\/www.superfund.com\/\">www.superfund.com<\/a>\u00a0zum Download zur Verf\u00fcgung bzw. sind ebenfalls kostenlos am Sitz der Superfund Asset Management GmbH, 1010 Wien, Marc-Aurel-Stra\u00dfe 10-12, erh\u00e4ltlich.<\/p>\n\n\n\n<p>Die Informationen dieser Homepage beinhalten keine wie auch immer geartete Garantie oder Zusicherung von bestimmten Eigenschaften eines Finanzprodukts oder von Dienstleistungen.&nbsp;<strong>Risikohinweis: Ein Investment in Superfund Fonds bietet Chancen, ist jedoch auch mit erheblichen marktbedingten Risiken verbunden. Verluste bis zu einem Totalverlust des eingesetzten Kapitals k\u00f6nnen nicht ausgeschlossen werden.<\/strong>&nbsp;Das Erreichen der Anlageziele ist nicht gew\u00e4hrleistet. In diesem Zusammenhang weisen wir ausdr\u00fccklich darauf hin, dass die Wertentwicklung der Vergangenheit keine R\u00fcckschl\u00fcsse auf die zuk\u00fcnftige Wertentwicklung zul\u00e4sst, keine Garantie f\u00fcr k\u00fcnftige Ertr\u00e4ge darstellt und sich nicht in die Zukunft fortschreiben l\u00e4sst. Bitte beachten Sie auch die spezifischen Risikohinweise im jeweiligen Prospekt der angebotenen Produkte.<\/p>\n\n\n\n<p>Wir verwenden Cookies, um unsere Website m\u00f6glichst benutzerfreundlich zu gestalten. Durch das Akzeptieren des Disclaimers erkl\u00e4ren Sie sich mit der Verwendung von Cookies einverstanden. F\u00fcr mehr Informationen verweisen wir Sie auf unsere\u00a0<a href=\"https:\/\/www.superfund.at\/hp11\/SF_Privacy.aspx\">Datenschutzerkl\u00e4rung<\/a>.<\/p>\n\n\n\n<p>S\u00e4mtliches auf dieser Website enthaltene Datenmaterial wurde mit der erforderlichen Sorgfalt unter Zuhilfenahme zuverl\u00e4ssiger externer und interner Quellen ermittelt und ausgewertet. Dennoch kann es zu unbeabsichtigt fehlerhaften Darstellungen (insbesondre aufgrund von Tipp- oder Programmierfehlern) kommen und es kann daher f\u00fcr die Vollst\u00e4ndigkeit, Aktualit\u00e4t und Richtigkeit des wiedergegebenen Zahlenmaterials sowie der abgebildeten Charts keinerlei Gew\u00e4hrleistung \u00fcbernommen werden. Alle Entscheidungen, die auf den auf dieser Website enthaltenen Informationen beruhen, liegen einzig und allein im Verantwortungsbereich des Benutzers. Die Superfund Asset Management GmbH lehnt jegliche Haftung f\u00fcr<br>jegliche Sch\u00e4den, die im Zusammenhang mit diesen Informationen entstehen, ab.<\/p>\n\n\n\n<p><strong>Die Informationen richten sich ausschlie\u00dflich an in \u00d6sterreich und Deutschland ans\u00e4ssige Investoren.<\/strong> <\/p>\n\n\n\n<p><strong>Deutschland: <\/strong>Der Superfund SICAV Fonds ist in Deutschland ausschlie\u00dflich f\u00fcr den Vertrieb an professionelle Anleger vorgesehen. <\/p>\n","protected":false},"excerpt":{"rendered":"<p>Disclaimer Bei der Website und ihren Informationen handelt es sich um Marketingmitteilungen.Die dargestellten Informationen dienen ausschlie\u00dflich der unverbindlichen Information und stellen kein Angebot, kein Angebot zur Einladung zur Abgabe eines Angebots, keine Anlageberatung sowie keine Aufforderung zum Kauf, Halten oder Verkauf dar. Die Marketingmitteilungen ersetzt keinesfalls eine fachgerechte Beratung oder eine umfassende Risikoaufkl\u00e4rung. Als Grundlage [&hellip;]<\/p>\n","protected":false},"author":17,"featured_media":0,"parent":0,"menu_order":0,"comment_status":"closed","ping_status":"closed","template":"","meta":{"site-sidebar-layout":"no-sidebar","site-content-layout":"","ast-site-content-layout":"default","site-content-style":"default","site-sidebar-style":"default","ast-global-header-display":"","ast-banner-title-visibility":"","ast-main-header-display":"","ast-hfb-above-header-display":"","ast-hfb-below-header-display":"","ast-hfb-mobile-header-display":"","site-post-title":"","ast-breadcrumbs-content":"","ast-featured-img":"","footer-sml-layout":"","ast-disable-related-posts":"","theme-transparent-header-meta":"","adv-header-id-meta":"","stick-header-meta":"","header-above-stick-meta":"","header-main-stick-meta":"","header-below-stick-meta":"","astra-migrate-meta-layouts":"default","ast-page-background-enabled":"default","ast-page-background-meta":{"desktop":{"background-color":"var(--ast-global-color-4)","background-image":"","background-repeat":"repeat","background-position":"center center","background-size":"auto","background-attachment":"scroll","background-type":"","background-media":"","overlay-type":"","overlay-color":"","overlay-opacity":"","overlay-gradient":""},"tablet":{"background-color":"","background-image":"","background-repeat":"repeat","background-position":"center center","background-size":"auto","background-attachment":"scroll","background-type":"","background-media":"","overlay-type":"","overlay-color":"","overlay-opacity":"","overlay-gradient":""},"mobile":{"background-color":"","background-image":"","background-repeat":"repeat","background-position":"center center","background-size":"auto","background-attachment":"scroll","background-type":"","background-media":"","overlay-type":"","overlay-color":"","overlay-opacity":"","overlay-gradient":""}},"ast-content-background-meta":{"desktop":{"background-color":"var(--ast-global-color-5)","background-image":"","background-repeat":"repeat","background-position":"center center","background-size":"auto","background-attachment":"scroll","background-type":"","background-media":"","overlay-type":"","overlay-color":"","overlay-opacity":"","overlay-gradient":""},"tablet":{"background-color":"var(--ast-global-color-5)","background-image":"","background-repeat":"repeat","background-position":"center center","background-size":"auto","background-attachment":"scroll","background-type":"","background-media":"","overlay-type":"","overlay-color":"","overlay-opacity":"","overlay-gradient":""},"mobile":{"background-color":"var(--ast-global-color-5)","background-image":"","background-repeat":"repeat","background-position":"center center","background-size":"auto","background-attachment":"scroll","background-type":"","background-media":"","overlay-type":"","overlay-color":"","overlay-opacity":"","overlay-gradient":""}},"footnotes":""},"class_list":["post-65","page","type-page","status-publish","hentry"],"_links":{"self":[{"href":"https:\/\/invest.superfund.com\/index.php?rest_route=\/wp\/v2\/pages\/65","targetHints":{"allow":["GET"]}}],"collection":[{"href":"https:\/\/invest.superfund.com\/index.php?rest_route=\/wp\/v2\/pages"}],"about":[{"href":"https:\/\/invest.superfund.com\/index.php?rest_route=\/wp\/v2\/types\/page"}],"author":[{"embeddable":true,"href":"https:\/\/invest.superfund.com\/index.php?rest_route=\/wp\/v2\/users\/17"}],"replies":[{"embeddable":true,"href":"https:\/\/invest.superfund.com\/index.php?rest_route=%2Fwp%2Fv2%2Fcomments&post=65"}],"version-history":[{"count":6,"href":"https:\/\/invest.superfund.com\/index.php?rest_route=\/wp\/v2\/pages\/65\/revisions"}],"predecessor-version":[{"id":2238,"href":"https:\/\/invest.superfund.com\/index.php?rest_route=\/wp\/v2\/pages\/65\/revisions\/2238"}],"wp:attachment":[{"href":"https:\/\/invest.superfund.com\/index.php?rest_route=%2Fwp%2Fv2%2Fmedia&parent=65"}],"curies":[{"name":"wp","href":"https:\/\/api.w.org\/{rel}","templated":true}]}}